{"version":"1.0","provider_name":"Journal Artesane - Arts Plastiques","provider_url":"https:\/\/www.artesane.com\/le-journal\/arts-plastiques","author_name":"Dorian Furet","author_url":"https:\/\/www.artesane.com\/le-journal\/arts-plastiques\/author\/dorian-equipe-artesane\/","title":"L'actualit\u00e9 de septembre chez Artesane - Journal Artesane - Arts Plastiques","type":"rich","width":600,"height":338,"html":"<blockquote class=\"wp-embedded-content\" data-secret=\"7N6JjlAKnk\"><a href=\"https:\/\/www.artesane.com\/le-journal\/arts-plastiques\/actualite-septembre-2021\/\">L&rsquo;actualit\u00e9 de septembre chez Artesane<\/a><\/blockquote><iframe sandbox=\"allow-scripts\" security=\"restricted\" src=\"https:\/\/www.artesane.com\/le-journal\/arts-plastiques\/actualite-septembre-2021\/embed\/#?secret=7N6JjlAKnk\" width=\"600\" height=\"338\" title=\"\u00ab\u00a0L&rsquo;actualit\u00e9 de septembre chez Artesane\u00a0\u00bb &#8212; Journal Artesane - Arts Plastiques\" data-secret=\"7N6JjlAKnk\" frameborder=\"0\" marginwidth=\"0\" marginheight=\"0\" scrolling=\"no\" class=\"wp-embedded-content\"><\/iframe><script type=\"text\/javascript\">\n\/* <![CDATA[ *\/\n\/*! This file is auto-generated *\/\n!function(d,l){\"use strict\";l.querySelector&&d.addEventListener&&\"undefined\"!=typeof URL&&(d.wp=d.wp||{},d.wp.receiveEmbedMessage||(d.wp.receiveEmbedMessage=function(e){var t=e.data;if((t||t.secret||t.message||t.value)&&!\/[^a-zA-Z0-9]\/.test(t.secret)){for(var s,r,n,a=l.querySelectorAll('iframe[data-secret=\"'+t.secret+'\"]'),o=l.querySelectorAll('blockquote[data-secret=\"'+t.secret+'\"]'),c=new RegExp(\"^https?:$\",\"i\"),i=0;i<o.length;i++)o[i].style.display=\"none\";for(i=0;i<a.length;i++)s=a[i],e.source===s.contentWindow&&(s.removeAttribute(\"style\"),\"height\"===t.message?(1e3<(r=parseInt(t.value,10))?r=1e3:~~r<200&&(r=200),s.height=r):\"link\"===t.message&&(r=new URL(s.getAttribute(\"src\")),n=new URL(t.value),c.test(n.protocol))&&n.host===r.host&&l.activeElement===s&&(d.top.location.href=t.value))}},d.addEventListener(\"message\",d.wp.receiveEmbedMessage,!1),l.addEventListener(\"DOMContentLoaded\",function(){for(var e,t,s=l.querySelectorAll(\"iframe.wp-embedded-content\"),r=0;r<s.length;r++)(t=(e=s[r]).getAttribute(\"data-secret\"))||(t=Math.random().toString(36).substring(2,12),e.src+=\"#?secret=\"+t,e.setAttribute(\"data-secret\",t)),e.contentWindow.postMessage({message:\"ready\",secret:t},\"*\")},!1)))}(window,document);\n\/\/# sourceURL=https:\/\/www.artesane.com\/le-journal\/arts-plastiques\/wp-includes\/js\/wp-embed.min.js\n\/* ]]> *\/\n<\/script>\n","thumbnail_url":"https:\/\/www.artesane.com\/le-journal\/arts-plastiques\/wp-content\/uploads\/2021\/09\/DSC_0214.png","thumbnail_width":1374,"thumbnail_height":916,"description":"[vc_row][vc_column][vc_empty_space height=\u00a0\u00bb25px\u00a0\u00bb][vc_column_text] \u00a0 \u00a0 Nous y voil\u00e0 ! L\u2019\u00e9quipe Artesane et ses collaborateurs se sont install\u00e9s dans de tout nouveaux locaux dans le 14e arrondissement de Paris. Nous sommes donc tous plus motiv\u00e9s que jamais \u00e0 vous offrir des cours et des produits de qualit\u00e9 pour vos loisirs cr\u00e9atifs et vos formations professionnelles. Cette rentr\u00e9e [&hellip;]"}

L'actualité de septembre chez Artesane - Journal Artesane - Arts Plastiques

<blockquote class="wp-embedded-content" data-secret="7N6JjlAKnk"><a href="https://www.artesane.com/le-journal/arts-plastiques/actualite-septembre-2021/">L&rsquo;actualité de septembre chez Artesane</a></blockquote><iframe sandbox="allow-scripts" security="restricted" src="https://www.artesane.com/le-journal/arts-plastiques/actualite-septembre-2021/embed/#?secret=7N6JjlAKnk" width="600" height="338" title="« L&rsquo;actualité de septembre chez Artesane » &#8212; Journal Artesane - Arts Plastiques" data-secret="7N6JjlAKnk" frameborder="0" marginwidth="0" marginheight="0" scrolling="no" class="wp-embedded-content"></iframe><script type="text/javascript">
/* <![CDATA[ */
/*! This file is auto-generated */
!function(d,l){"use strict";l.querySelector&&d.addEventListener&&"undefined"!=typeof URL&&(d.wp=d.wp||{},d.wp.receiveEmbedMessage||(d.wp.receiveEmbedMessage=function(e){var t=e.data;if((t||t.secret||t.message||t.value)&&!/[^a-zA-Z0-9]/.test(t.secret)){for(var s,r,n,a=l.querySelectorAll('iframe[data-secret="'+t.secret+'"]'),o=l.querySelectorAll('blockquote[data-secret="'+t.secret+'"]'),c=new RegExp("^https?:$","i"),i=0;i<o.length;i++)o[i].style.display="none";for(i=0;i<a.length;i++)s=a[i],e.source===s.contentWindow&&(s.removeAttribute("style"),"height"===t.message?(1e3<(r=parseInt(t.value,10))?r=1e3:~~r<200&&(r=200),s.height=r):"link"===t.message&&(r=new URL(s.getAttribute("src")),n=new URL(t.value),c.test(n.protocol))&&n.host===r.host&&l.activeElement===s&&(d.top.location.href=t.value))}},d.addEventListener("message",d.wp.receiveEmbedMessage,!1),l.addEventListener("DOMContentLoaded",function(){for(var e,t,s=l.querySelectorAll("iframe.wp-embedded-content"),r=0;r<s.length;r++)(t=(e=s[r]).getAttribute("data-secret"))||(t=Math.random().toString(36).substring(2,12),e.src+="#?secret="+t,e.setAttribute("data-secret",t)),e.contentWindow.postMessage({message:"ready",secret:t},"*")},!1)))}(window,document);
//# sourceURL=https://www.artesane.com/le-journal/arts-plastiques/wp-includes/js/wp-embed.min.js
/* ]]> */
</script>

[vc_row][vc_column][vc_empty_space height= »25px »][vc_column_text]     Nous y voilà ! L’équipe Artesane et ses collaborateurs se sont installés dans de tout nouveaux locaux dans le 14e arrondissement de Paris. Nous sommes donc tous plus motivés que jamais à vous offrir des cours et des produits de qualité pour vos loisirs créatifs et vos formations professionnelles. Cette rentrée [&hellip;]
