{"version":"1.0","provider_name":"Journal Artesane - Arts Plastiques","provider_url":"https:\/\/www.artesane.com\/le-journal\/arts-plastiques","author_name":"Dorian Furet","author_url":"https:\/\/www.artesane.com\/le-journal\/arts-plastiques\/author\/dorian-equipe-artesane\/","title":"L\u2019actualit\u00e9 de novembre chez Artesane - Journal Artesane - Arts Plastiques","type":"rich","width":600,"height":338,"html":"<blockquote class=\"wp-embedded-content\" data-secret=\"nHBiFoVarp\"><a href=\"https:\/\/www.artesane.com\/le-journal\/arts-plastiques\/lactualite-de-novembre-chez-artesane\/\">L\u2019actualit\u00e9 de novembre chez Artesane<\/a><\/blockquote><iframe sandbox=\"allow-scripts\" security=\"restricted\" src=\"https:\/\/www.artesane.com\/le-journal\/arts-plastiques\/lactualite-de-novembre-chez-artesane\/embed\/#?secret=nHBiFoVarp\" width=\"600\" height=\"338\" title=\"\u00ab\u00a0L\u2019actualit\u00e9 de novembre chez Artesane\u00a0\u00bb &#8212; Journal Artesane - Arts Plastiques\" data-secret=\"nHBiFoVarp\" frameborder=\"0\" marginwidth=\"0\" marginheight=\"0\" scrolling=\"no\" class=\"wp-embedded-content\"><\/iframe><script type=\"text\/javascript\">\n\/* <![CDATA[ *\/\n\/*! This file is auto-generated *\/\n!function(d,l){\"use strict\";l.querySelector&&d.addEventListener&&\"undefined\"!=typeof URL&&(d.wp=d.wp||{},d.wp.receiveEmbedMessage||(d.wp.receiveEmbedMessage=function(e){var t=e.data;if((t||t.secret||t.message||t.value)&&!\/[^a-zA-Z0-9]\/.test(t.secret)){for(var s,r,n,a=l.querySelectorAll('iframe[data-secret=\"'+t.secret+'\"]'),o=l.querySelectorAll('blockquote[data-secret=\"'+t.secret+'\"]'),c=new RegExp(\"^https?:$\",\"i\"),i=0;i<o.length;i++)o[i].style.display=\"none\";for(i=0;i<a.length;i++)s=a[i],e.source===s.contentWindow&&(s.removeAttribute(\"style\"),\"height\"===t.message?(1e3<(r=parseInt(t.value,10))?r=1e3:~~r<200&&(r=200),s.height=r):\"link\"===t.message&&(r=new URL(s.getAttribute(\"src\")),n=new URL(t.value),c.test(n.protocol))&&n.host===r.host&&l.activeElement===s&&(d.top.location.href=t.value))}},d.addEventListener(\"message\",d.wp.receiveEmbedMessage,!1),l.addEventListener(\"DOMContentLoaded\",function(){for(var e,t,s=l.querySelectorAll(\"iframe.wp-embedded-content\"),r=0;r<s.length;r++)(t=(e=s[r]).getAttribute(\"data-secret\"))||(t=Math.random().toString(36).substring(2,12),e.src+=\"#?secret=\"+t,e.setAttribute(\"data-secret\",t)),e.contentWindow.postMessage({message:\"ready\",secret:t},\"*\")},!1)))}(window,document);\n\/\/# sourceURL=https:\/\/www.artesane.com\/le-journal\/arts-plastiques\/wp-includes\/js\/wp-embed.min.js\n\/* ]]> *\/\n<\/script>\n","thumbnail_url":"https:\/\/www.artesane.com\/le-journal\/arts-plastiques\/wp-content\/uploads\/2021\/10\/tournage.png","thumbnail_width":1244,"thumbnail_height":829,"description":"[vc_row][vc_column][vc_column_text] \u00a0 \u00a0 \u00a0Le mois de novembre est un mois d\u2019euphorie pour Artesane. En plus des trois nouveaux cours vid\u00e9o qui sortiront tout au long du mois, nous serons pr\u00e9sents cette ann\u00e9e sur le salon Cr\u00e9ations &amp; savoir-faire \u00e0 Paris. Nous serons tr\u00e8s heureux de vous rencontrer ou de vous revoir lors de cet \u00e9v\u00e8nement, [&hellip;]"}

L’actualité de novembre chez Artesane - Journal Artesane - Arts Plastiques

<blockquote class="wp-embedded-content" data-secret="nHBiFoVarp"><a href="https://www.artesane.com/le-journal/arts-plastiques/lactualite-de-novembre-chez-artesane/">L’actualité de novembre chez Artesane</a></blockquote><iframe sandbox="allow-scripts" security="restricted" src="https://www.artesane.com/le-journal/arts-plastiques/lactualite-de-novembre-chez-artesane/embed/#?secret=nHBiFoVarp" width="600" height="338" title="« L’actualité de novembre chez Artesane » &#8212; Journal Artesane - Arts Plastiques" data-secret="nHBiFoVarp" frameborder="0" marginwidth="0" marginheight="0" scrolling="no" class="wp-embedded-content"></iframe><script type="text/javascript">
/* <![CDATA[ */
/*! This file is auto-generated */
!function(d,l){"use strict";l.querySelector&&d.addEventListener&&"undefined"!=typeof URL&&(d.wp=d.wp||{},d.wp.receiveEmbedMessage||(d.wp.receiveEmbedMessage=function(e){var t=e.data;if((t||t.secret||t.message||t.value)&&!/[^a-zA-Z0-9]/.test(t.secret)){for(var s,r,n,a=l.querySelectorAll('iframe[data-secret="'+t.secret+'"]'),o=l.querySelectorAll('blockquote[data-secret="'+t.secret+'"]'),c=new RegExp("^https?:$","i"),i=0;i<o.length;i++)o[i].style.display="none";for(i=0;i<a.length;i++)s=a[i],e.source===s.contentWindow&&(s.removeAttribute("style"),"height"===t.message?(1e3<(r=parseInt(t.value,10))?r=1e3:~~r<200&&(r=200),s.height=r):"link"===t.message&&(r=new URL(s.getAttribute("src")),n=new URL(t.value),c.test(n.protocol))&&n.host===r.host&&l.activeElement===s&&(d.top.location.href=t.value))}},d.addEventListener("message",d.wp.receiveEmbedMessage,!1),l.addEventListener("DOMContentLoaded",function(){for(var e,t,s=l.querySelectorAll("iframe.wp-embedded-content"),r=0;r<s.length;r++)(t=(e=s[r]).getAttribute("data-secret"))||(t=Math.random().toString(36).substring(2,12),e.src+="#?secret="+t,e.setAttribute("data-secret",t)),e.contentWindow.postMessage({message:"ready",secret:t},"*")},!1)))}(window,document);
//# sourceURL=https://www.artesane.com/le-journal/arts-plastiques/wp-includes/js/wp-embed.min.js
/* ]]> */
</script>

[vc_row][vc_column][vc_column_text]      Le mois de novembre est un mois d’euphorie pour Artesane. En plus des trois nouveaux cours vidéo qui sortiront tout au long du mois, nous serons présents cette année sur le salon Créations &amp; savoir-faire à Paris. Nous serons très heureux de vous rencontrer ou de vous revoir lors de cet évènement, [&hellip;]
