{"version":"1.0","provider_name":"Journal Artesane - Arts Plastiques","provider_url":"https:\/\/www.artesane.com\/le-journal\/arts-plastiques","author_name":"Dorian Furet","author_url":"https:\/\/www.artesane.com\/le-journal\/arts-plastiques\/author\/dorian-equipe-artesane\/","title":"L'actualit\u00e9 d'octobre chez Artesane - Journal Artesane - Arts Plastiques","type":"rich","width":600,"height":338,"html":"<blockquote class=\"wp-embedded-content\" data-secret=\"hiEYa8nO3L\"><a href=\"https:\/\/www.artesane.com\/le-journal\/arts-plastiques\/lactualite-doctobre-chez-artesane\/\">L&rsquo;actualit\u00e9 d&rsquo;octobre chez Artesane<\/a><\/blockquote><iframe sandbox=\"allow-scripts\" security=\"restricted\" src=\"https:\/\/www.artesane.com\/le-journal\/arts-plastiques\/lactualite-doctobre-chez-artesane\/embed\/#?secret=hiEYa8nO3L\" width=\"600\" height=\"338\" title=\"\u00ab\u00a0L&rsquo;actualit\u00e9 d&rsquo;octobre chez Artesane\u00a0\u00bb &#8212; Journal Artesane - Arts Plastiques\" data-secret=\"hiEYa8nO3L\" frameborder=\"0\" marginwidth=\"0\" marginheight=\"0\" scrolling=\"no\" class=\"wp-embedded-content\"><\/iframe><script type=\"text\/javascript\">\n\/* <![CDATA[ *\/\n\/*! This file is auto-generated *\/\n!function(d,l){\"use strict\";l.querySelector&&d.addEventListener&&\"undefined\"!=typeof URL&&(d.wp=d.wp||{},d.wp.receiveEmbedMessage||(d.wp.receiveEmbedMessage=function(e){var t=e.data;if((t||t.secret||t.message||t.value)&&!\/[^a-zA-Z0-9]\/.test(t.secret)){for(var s,r,n,a=l.querySelectorAll('iframe[data-secret=\"'+t.secret+'\"]'),o=l.querySelectorAll('blockquote[data-secret=\"'+t.secret+'\"]'),c=new RegExp(\"^https?:$\",\"i\"),i=0;i<o.length;i++)o[i].style.display=\"none\";for(i=0;i<a.length;i++)s=a[i],e.source===s.contentWindow&&(s.removeAttribute(\"style\"),\"height\"===t.message?(1e3<(r=parseInt(t.value,10))?r=1e3:~~r<200&&(r=200),s.height=r):\"link\"===t.message&&(r=new URL(s.getAttribute(\"src\")),n=new URL(t.value),c.test(n.protocol))&&n.host===r.host&&l.activeElement===s&&(d.top.location.href=t.value))}},d.addEventListener(\"message\",d.wp.receiveEmbedMessage,!1),l.addEventListener(\"DOMContentLoaded\",function(){for(var e,t,s=l.querySelectorAll(\"iframe.wp-embedded-content\"),r=0;r<s.length;r++)(t=(e=s[r]).getAttribute(\"data-secret\"))||(t=Math.random().toString(36).substring(2,12),e.src+=\"#?secret=\"+t,e.setAttribute(\"data-secret\",t)),e.contentWindow.postMessage({message:\"ready\",secret:t},\"*\")},!1)))}(window,document);\n\/\/# sourceURL=https:\/\/www.artesane.com\/le-journal\/arts-plastiques\/wp-includes\/js\/wp-embed.min.js\n\/* ]]> *\/\n<\/script>\n","thumbnail_url":"https:\/\/www.artesane.com\/le-journal\/arts-plastiques\/wp-content\/uploads\/2021\/10\/animalier-1.jpg","thumbnail_width":1800,"thumbnail_height":1200,"description":"[vc_row][vc_column][vc_column_text] \u00a0 \u00a0 \u00a0Il y a presque un mois, je faisais mon arriv\u00e9e chez Artesane en publiant mon premier article autour de l\u2019actualit\u00e9 de septembre, et notamment de notre installation dans les nouveaux locaux. Ce mois-ci, il est temps de f\u00eater \u00e7a\u00a0! Le jeudi 7 octobre, nos \u00e9quipes organisent une soir\u00e9e d\u2019inauguration de notre nouveau [&hellip;]"}

L'actualité d'octobre chez Artesane - Journal Artesane - Arts Plastiques

<blockquote class="wp-embedded-content" data-secret="hiEYa8nO3L"><a href="https://www.artesane.com/le-journal/arts-plastiques/lactualite-doctobre-chez-artesane/">L&rsquo;actualité d&rsquo;octobre chez Artesane</a></blockquote><iframe sandbox="allow-scripts" security="restricted" src="https://www.artesane.com/le-journal/arts-plastiques/lactualite-doctobre-chez-artesane/embed/#?secret=hiEYa8nO3L" width="600" height="338" title="« L&rsquo;actualité d&rsquo;octobre chez Artesane » &#8212; Journal Artesane - Arts Plastiques" data-secret="hiEYa8nO3L" frameborder="0" marginwidth="0" marginheight="0" scrolling="no" class="wp-embedded-content"></iframe><script type="text/javascript">
/* <![CDATA[ */
/*! This file is auto-generated */
!function(d,l){"use strict";l.querySelector&&d.addEventListener&&"undefined"!=typeof URL&&(d.wp=d.wp||{},d.wp.receiveEmbedMessage||(d.wp.receiveEmbedMessage=function(e){var t=e.data;if((t||t.secret||t.message||t.value)&&!/[^a-zA-Z0-9]/.test(t.secret)){for(var s,r,n,a=l.querySelectorAll('iframe[data-secret="'+t.secret+'"]'),o=l.querySelectorAll('blockquote[data-secret="'+t.secret+'"]'),c=new RegExp("^https?:$","i"),i=0;i<o.length;i++)o[i].style.display="none";for(i=0;i<a.length;i++)s=a[i],e.source===s.contentWindow&&(s.removeAttribute("style"),"height"===t.message?(1e3<(r=parseInt(t.value,10))?r=1e3:~~r<200&&(r=200),s.height=r):"link"===t.message&&(r=new URL(s.getAttribute("src")),n=new URL(t.value),c.test(n.protocol))&&n.host===r.host&&l.activeElement===s&&(d.top.location.href=t.value))}},d.addEventListener("message",d.wp.receiveEmbedMessage,!1),l.addEventListener("DOMContentLoaded",function(){for(var e,t,s=l.querySelectorAll("iframe.wp-embedded-content"),r=0;r<s.length;r++)(t=(e=s[r]).getAttribute("data-secret"))||(t=Math.random().toString(36).substring(2,12),e.src+="#?secret="+t,e.setAttribute("data-secret",t)),e.contentWindow.postMessage({message:"ready",secret:t},"*")},!1)))}(window,document);
//# sourceURL=https://www.artesane.com/le-journal/arts-plastiques/wp-includes/js/wp-embed.min.js
/* ]]> */
</script>

[vc_row][vc_column][vc_column_text]      Il y a presque un mois, je faisais mon arrivée chez Artesane en publiant mon premier article autour de l’actualité de septembre, et notamment de notre installation dans les nouveaux locaux. Ce mois-ci, il est temps de fêter ça ! Le jeudi 7 octobre, nos équipes organisent une soirée d’inauguration de notre nouveau [&hellip;]
